1 + (180 - 183))?
-46
What is the value of -12 - -4 - (8 - 9) - -13 - (-133 + 53)?
86
What is -11 + (-2 - -14 - 72) + 0?
-71
Calculate (-25 + 51 - 75 - -56) + 140.
147
0 + -49 - (16 - (38 + -20)) - -11 - 3
-39
What is the value of (-1 - -21) + -84 + (-106 - -190)?
20
What is the value of -40 + (-16 + 0 - (248 + -285))?
-19
Calculate -410 - (11 + -137) - -137.
-147
What is (1 - -5 - (47 - (-18 - -69))) + 98 + 6?
114
What is the value of (1 - (-33 + 1)) + (16 - 12) - 13?
24
Calculate (-3 - 3) + -11 + -6 - (-21 - -14).
-16
What is (-11 - (-1 - 5) - -1) + (230 - 143)?
83
(-17 - -6) + (-21 - -6)
-26
(45 - 2) + 0 + -43356 + 43274
-39
Calculate -29 - (9 - -1) - (2 + -4 - -10).
-47
46 - (4 - 24 - -106)
-40
What is the value of 0 + -75 - (-75 - (30 + -72))?
-42
-92 - -2 - (889 - 948)
-31
Calculate 2 - 17 - (-13 - (75 - (25 + -18))).
66
(-1 + 2 - 9) + (3004 - 2990)
6
(1 - (-2 - -1)) + -1 + 0 + -1 + -24
-24
What is (1 - 17) + (69 - 8 - (-221 - -232))?
34
What is -22 - (33 - (77 + -3))?
19
What is -82 - (-6 + -14 + -32)?
-30
Evaluate -86 + -141 + 55 + 185.
13
7 + 38 + -48 + -4
-7
Calculate 22 + -39 + -20 + 6 + 20.
-11
What is the value of (38 - 96) + (5 - (5 + 7 + (8 - 8)))?
-65
What is (-2 - (-14 + 1)) + 12 - 146 - (-7 + 2)?
-118
Calculate 25 + (0 - (-1 - (3 - -4 - 6) - -2)).
25
What is the value of 45 + 14 + (15 - 10) - (2 + 2)?
60
-85 + -1 - (294 + -174 + -101)
-105
(12 - (14 + 11)) + -1 - (2 - 7)
-9
What is the value of 1 + -10 + 4 + 2 - (-63 + (78 - 41))?
23
Evaluate -62 + (-154 - -61) + 107.
-48
Evaluate -14 + (-10 - -33) + (20 - 19).
10
-63 + (1 - (31 + -20))
-73
Evaluate 4 + (2 - 3 - -1) + 254 + -241.
17
Evaluate (8 - (-4 - ((6 - -7) + -13))) + 5.
17
What is the value of -107 + 212 + -139 + -37 + -1?
-72
What is 7 + (13 - 26) + (6 - (5 + -1)) + -40?
-44
What is -13 + (-3 + 55 + -17 - 9) + -3 + -26?
-16
Calculate -14 - 0 - (48 + -16 + -5 + -32).
-9
(1 + 0 - -66) + (31 - -189) + -210
77
-27 + -71 + 8 + 12
-78
What is the value of -41 + -2 + 6 + -5 + -40 + 50?
-32
Calculate (8 - 15) + -12 + 27 + 11 + -19.
0
What is the value of (24 + 30 + -4 - -21) + -28?
43
(-28 + 1 + 32 - 8) + 35
32
Evaluate 0 + -14 + (-24 - (-24 + 11 + -17)) - 19.
-27
308 - 294 - (-12 + 42) - (1 + 96)
-113
Calculate -17 + 24 - (3 - -64).
-60
Evaluate (-9 + (1 - -3) - (-32 + 19 + 1)) + -70.
-63
-12 - ((-6 - (20 - 2)) + 17)
-5
Calculate 2 + 18 + 0 + -3 + (0 - 3) + -5.
9
Evaluate -10 + 14 - -25 - (-5 + 0 - -6).
28
Calculate -71 + (67 - -5) + 11 + -3 + 2.
11
Calculate 4 + -1 + (-166 - (-37 + -191)).
65
What is -8 + (5 - 4) + (-950 - -938)?
-19
What is (27 + -39 - 19) + -25 + -5?
-61
What is the value of 55 - (-12 - ((-1 + 17 - 14) + 10 + -31))?
48
What is the value of (-19 + 7 - (-12 + 2 - -13)) + 39 + 6?
30
Calculate -58 + 70 - (-21 - -9) - -49.
73
What is the value of -6 + 266 + -92 + -87?
81
What is the value of -101 + 153 + (-19 - -3)?
36
25 - 36 - ((-14 - -5) + (13 - 4))
-11
What is the value of -25 + (57 - 100 - 1)?
-69
Calculate (-9 - 38) + 30 - (14 + 91).
-122
Calculate -87 + 76 + -33 + (-59 - -29).
-74
Calculate -64 - -96 - (-3 - -51).
-16
What is -93 + 77 + 1 + 0 - (-599 + 473)?
111
What is -16 + (3 - -11) - ((-7 - 11) + -9)?
25
Calculate -75 - (-66 + 10 + 7).
-26
Evaluate 5 - (-2 + -2) - (1 + -36 - -17).
27
41 + (42 - 67) - 6
10
What is (-52 - (-33 + -32)) + -64?
-51
-29 + (-44 - (-175 + 7)) - -20
115
What is the value of 192 + -184 + (-1 - 138) + 38?
-93
(-91 - (46 - 150)) + -10
3
What is 156 - 160 - (3 - -47)?
-54
Evaluate 73 + -60 + -36 + -21 + -8.
-52
(-3 + 9 - 18) + (141 - 131)
-2
What is -70 - (-7 + (26 - 14) - 10 - (-1 - 11))?
-77
280 - 296 - (27 - 5)
-38
Calculate (14 - (-47 - -1) - 6) + 2 - -10.
66
41 + -97 + -85 - -125
-16
(17 - 164) + 144 - (-114 - (-3 - -1))
109
What is 27 + 19 + 6 - 106?
-54
Calculate -83 + (90 + -28 - 45 - (0 + 27)).
-93
What is the value of (7 - (-23 + 24)) + 16 + 8?
30
Evaluate 5 + (-5 - 8) + -3 - -11 - -45.
45
What is (13 + -53 + 6 - -113) + 35?
114
-4 + 23 + -26 - (-10 + 8 + -2 + 18)
-21
What is -27 - (-5 + (-10 - -23 - 2) + -2)?
-31
What is the value of -29 + -1 + (-26 + 130 - 123)?
-49
115 + -5 + 1 - (-81 - -56 - -44)
92
What is (-18671 - -18629) + (93 - -1)?
52
What is the value of (-36 + (18 - 34) - -5) + 16?
-31
What is (14 - 28) + -16 + (-4 - (-16 - -2) - -3)?
-17
What is 2 - (5 - 0) - (42 + -60 - -21 - 87)?
81
What is (-2 - 13) + (1094 - 1039)?
40
(-1000 - -982) + 51 + 2 + -1
34
Calculate 11 + (10 + -13 + 20 - -32).
60
Calculate (-21 - -91) + -163 + 82.
-11
What is the value of -5 - 1 - ((19 - 42) + (-3 - 5)) - 6?
19
Evaluate -88 - (2 - ((40 - 21) + 3)).
-68
What is the value of -3 - 23 - -7 - (-30 - -33)?
-22
23 + (-20 - 16) - 51
-64
What is the value of -8 + 1 + -1 + -168 + 104 + -34?
-106
What is the value of -8 + 2 + -6 + 10 - (59 + -67)?
6
What is the value of -10 + (31 + -41 - -50)?
30
Calculate (16 - 117) + (191 - 147).
-57
What is (1 - 6 - (7 - (4 + 2))) + (150 - 113)?
31
-15 - -1 - ((139 - 73) + -137)
57
What is -8 - -13 - (-38 + 44)?
-1
What is the value of -16 + (19 - -26) - (5 + (-4 - -4 - -5))?
19
What is the value of 28 + (9 - (-2 - 9 - (-115 + 105)))?
38
Evaluate (-1 - 0) + (-48 - -12) - (-6 + 14 - 2).
-43
What is 25 - (9 + -1 + -63 + 58 + 82)?
-60
-3 + (3 - 61 - 3) - (1754 - 1754)
-64
3 + (19 - -2 - (-17 - -79) - (-8 - 0))
-30
Calculate (5 - -36) + -23 - (-7 + -15).
40
(113 - 126 - (-9 + 2 + -5)) + -40
-41
Calculate 1 + -2 + (-15 - -9) - -33 - 5.
21
Evaluate (5 - (4 + (1 + 4 - (1 - 2)))) + -48.
-53
What is the value of 73 + (-33 - -24 - 21)?
43
Evaluate 209 - 56 - 175 - (-1 + -89).
68
Evaluate (-53 - (-72 + 8)) + 3 + -2 + -9 + -8.
-5
Calculate 2 + -31 + -60 + 36 + 7.
-46
Calculate (-12 - (-148 + 90)) + -77.
-31
Evaluate 15 - (12 - 2 - (-228 + 172)).
-51
(-1 - (-11 - -13)) + 89 + (-5 - (-3 - -9))
75
60 + 2 - (2 + -186 + 221)
25
What is the value of (380 - 278 - 59) + 3 + -3 + 3 + -1?
45
What is the value of -295 + 224 - (-1 - 59)?
-11
19 + 22 - (141 + -92)
-8
What is the value of -8 + (0 - (17 + -7) - ((59 - -3) + -14))?
-66
Evaluate -1 + -6 - (-57 + (99 - (58 + -86))).
-77
Calculate -101 + 101 - (22 + 0).
-22
What is the value of 11 + -4 + (-28 - -7) - (-1 + 0 - 6)?
-7
What is (-63 + 19 - 2) + (1 - -16)?
-29
Evaluate (-133 - (-121 - -118)) + 100.
-30
-1 + 1 + -15 + 18 - (-19 + 3)
19
Evaluate -727 + 703 + (61 - -3).
40
Calculate -104 - (-13 - 26) - (5 - (-6 - -5)).
-71
What is -197 + (73 - 33 - -53)?
-104
Calculate 31 - 27 - -37 - 34.
7
-26 + -4 + -1 + 4 + -16 + 14
-29
What is -10 + 5 - ((21 - (-3 - -4)) + (-176 - -169))?
-18
Calculate -52 + 93 + -7 - 31.
3
What is -61 + 78 - (-8 - ((-4 - -8) + -1))?
28
-13 - (7 + 32) - -42
-10
What is (-27 - ((-38 - -4) + 26)) + 86?
67
0 + 29 + (-39 - -12 - -9) + 30
41
59 + 199 + -220 + (11 - -2)
51
What is the value of -3 + 1 + 24 - (-23 + 11 + 5)?
29
What is 2 - (-1 + 2) - (-180 - -182) - 4?
-5
What is the value of (9 + -32 - -10) + (-1 + 29 - (-23 - -26))?
12
(21 - (14 + -52)) + -56
3
What is (0 - 75) + (1 - 23 - (35 + -148 + 104))?
-88
What is the value of (28 - 5) + -1 + 123 + -105?
40
What is the value of (-63 - (-201 - 17)) + -154?
1
Evaluate -47 + (-11 - (3 - -3 - (3 - -21))).
-40
79 + -13 + -96 + 57
27
Evaluate 21 - (-30 + 31 + 43).
-23
Calculate 24 + 57 + -112 + 10.
-21
Calculate -7 - -2 - 11 - (-109 - -105).
-12
What is the value of (-7 - 2 - 1) + -24 + 18 + -45?
-61
Evaluate -30 + -15 - (14 + -12 - 3).
-44
(-52 + 34 - 0) + (-1 - -18) - 25
-26
What is the value of -2 - 0 - (-186 + 20 - -191)?
-27
What is -23 + (-76 + 32 - -107)?
40
Calculate (-85 - 5) + 41 - -118.
69
What is the value of 35 - ((18 + -2 - 23 - -3) + 15)?
24
Calculate (-44 - -64) + 16 - 90.
-54
7 + (2 - -8 - (-6 + 14) - 4) + 16
21
What is (-13 + 21 - (9 + -2)) + (1 + 7 - 11)?
-2
Evaluate (10 + -51 + 6 - -45) + (0 - -38) - 3.
45
What is the value of -3 - (18 - 3) - -8 - (138 + -251)?
103
What is the value of 42 - (-33 + 44 - 12)?
43
Calculate -14 + (3 + -9 - -41 - -1) + 8.
30
(2 + 1 - 24 - 41) + (4 - -2)
-56
57 + (30 - -55) + -77
65
What is the value of ((-5 - 7) + 28 - -31) + -2?
45
What is the value of -22 + -30 + 58 - -1?
7
What is the value of -15 - (-36 + 24 - (-5 - -1))?
-7
Calculate 82 - (1 + (8 - (3 - 9)) - (2 + 4)).
73
What is the value of -60 - 0 - (192 - 305 - -93)?
-40
(-5 - 4) + (11 - (-10 -